 - 6))).
-18
What is (-9 + 0 + 5 - 4) + -11 + 13?
-6
Calculate -2 - (-6 + 12 - -5).
-13
-6 + -19 + 11 - (17 + -4)
-27
Evaluate -3 + (-14 + 6 - 1) + (-12 - 2).
-26
Calculate (1 - 14) + (87 + -44 - 43).
-13
What is the value of (-14 - -36 - 20) + -16?
-14
What is the value of (-11 - (1 + -2)) + -418 + 436?
8
What is 16 - 43 - -25 - (1 - 10)?
7
What is the value of 9 + -30 + 15 - -18?
12
Calculate -13 + -2 + -14 + (-11 - -12) + 6.
-22
Calculate 13 - 0 - (326 - 323).
10
What is -1 - 7 - (382 + -405)?
15
Calculate (17 - 22 - (2 + -1)) + (-3 - 5).
-14
What is the value of -1067 + 1031 + 16 + -1?
-21
0 - -1 - (0 + 22 - 12)
-9
What is -9 - (12 - (8 - -16))?
3
What is the value of -5 - ((2 - 17 - (16 - 25)) + 3)?
-2
-2 + 1 - -1 - (117 - 130)
13
What is -11 - (22 - (11 - -15))?
-7
Evaluate -33 + (-12 - 16) + 38.
-23
Calculate 22 + -34 + 11 + (-1 - 2).
-4
16 + (17 - (48 + -10)) + -17
-22
What is the value of -6 + 19 + -24 + -4?
-15
What is 18 + (-11 + -1 - 7)?
-1
What is (-8 - (15 + -22)) + 12?
11
Calculate 26 + -1 + (-2531 - -2509).
3
What is the value of -3 + -3 - (3 + -8) - (3 + -5)?
1
What is the value of (-45 - -33) + 7 - (2 + -25)?
18
Evaluate -2 + (3 - (17 - 40)).
24
Calculate -5 + 14 + (-10 - -8 - -10).
17
3 + (21 - 8) + 2
18
What is the value of 2 - ((-23 - -33) + 1 + -7 + -1)?
-1
Calculate (16 - 0 - 14) + 29 + -11.
20
Evaluate -25 - -12 - 0 - -9.
-4
-12 + -9 + (-8 - -16)
-13
17 + (0 - (11 - 12)) + -4
14
(1 - 5 - -2) + -6 + -11 + 21
2
What is -62 + 69 - (4 + -5 - -22)?
-14
1 + (-18 - -5) + 1
-11
(57 - 67) + (8 - 1 - 2)
-5
What is the value of -17 + 10 + (-14 - -16)?
-5
What is the value of (9 + -10 - -8) + 1 + -2?
6
What is the value of -5 + 9 - (5 + (5 - 4 - 6))?
4
Calculate -3 - ((12 - 17) + 14).
-12
Calculate 8 + (18 - -3) + -3 - (-34 - -41).
19
Evaluate ((-1 - 13) + -2 - (-70 + 61)) + 5.
-2
What is (-13 - 1) + (193 - 168)?
11
What is (3 - (-20 - (8 - 15))) + -10?
6
Evaluate (92 - 87) + (-1 - (2 - 0) - -2).
4
Calculate 6 - (-5 + (12 - (15 - (-10 - -16)))).
8
What is the value of (10 - 5) + 5 + (-11 - -17 - -3)?
19
-43 + 6 + (3 - -20) + -12
-26
Evaluate -7 + 7 + 3 + -9 + 7 + -3.
-2
What is the value of -7 - (40 + -9 + -24)?
-14
Calculate -5 - (-1 + -8 + 8 - 7).
3
What is 2 + (4 - (-5 - (-17 - -5)))?
-1
What is -31 - (-60 - -32 - 2)?
-1
What is the value of (9 - 25 - -15) + (2 - (-2 + 0))?
3
Calculate (1 - (-1 - -2)) + (-10 - (7 - 9)).
-8
Calculate (1 - (-4 - -12) - 1) + 7.
-1
Calculate -4 + 2 - (-7 + 12) - (13 + -10).
-10
What is the value of ((-10 - -8) + -17 - -11) + 17 + 0?
9
What is (1 - -2 - (-3 - -5)) + 6 - 4?
3
What is the value of -12 - (20 + -7 + -27)?
2
(-3 - 13) + 9 + (-6 - (6 + -12))
-7
What is the value of -233 + 226 - (1 + 16) - 10?
-34
Calculate 4 + 0 + -16 - (36 - (31 + 4)).
-13
Evaluate 7 - (-13 - (-10 - -2)).
12
What is -7 - (28 - 24 - (-3 + (1 - 2)))?
-15
What is -2 - (-29 - (-1 + -15))?
11
What is the value of -16 - ((-4 - 12) + -1)?
1
What is (-9 - (33 - 17)) + 41?
16
What is the value of -5 + 25 + (-10 - 4)?
6
Calculate -14 + (-8 - -31 - 24).
-15
What is -4 - (-7 + -3 + (4 - 2))?
4
-1 + 2 - (16 - (-1 - (-14 - -8)))
-10
What is the value of (1 - (12 + -2)) + -787 + 803?
7
Evaluate 982 + -988 - (1 + 7).
-14
What is the value of 7 + 13 + -26 + 13 + -21?
-14
9 - 8 - -1 - (2 - 4)
4
Evaluate (-22 - -15 - 15) + 9.
-13
1 + 3 + (21 - 54) + 12
-17
Calculate (5 + -16 - (23 - 14)) + 9.
-11
1 - (-14 + 6) - 6
3
What is the value of 1 - 26 - (-93 + 73)?
-5
What is the value of (-1 - 0) + (-80 + 76 - (0 - 14))?
9
Calculate -4 + 2 + (10 - (-2 + -1) - 11).
0
What is the value of (-341 - -337) + 1 + 18?
15
What is 14 + (-4 - (2 - -6))?
2
What is 20 - (8 + -21 + 30)?
3
What is (-2 - 0) + (-27 + 15 - -27) - 4?
9
What is 0 + (1 - 21) + 2 + 345 + -338?
-11
Evaluate 12 + 5 + (-100 - -85).
2
What is the value of 3 - 2 - -6 - (64 + -64)?
7
What is 56 + -35 - (0 + 5)?
16
Calculate 6 - (1 + 1 - (-42 + 37)).
-1
Calculate (15 - (20 + -2)) + -11.
-14
Evaluate (0 - -7) + -13 + (-7 - -15).
2
What is the value of -33 - -4 - (-208 - -187)?
-8
Evaluate 1134 + -1104 + 0 + -34.
-4
Evaluate 5 + -3 - (7 + -5 + -2 - 5).
7
47 + -51 + -13 + 5
-12
Calculate -24 - -20 - (-19 - (-6 - -3) - -1).
11
-6 + 3 + (11 - 8) - (-1 - -14)
-13
Evaluate 21 - (55 + 33 + -57).
-10
Calculate -9 + 8 + -4 + -29 + 5 + 2.
-27
(15 - 8) + 26 + -17
16
36 - (10 + 11) - 14
1
What is 1 + 21 + (4 + 0 - (51 + -41))?
16
(-5 + 2 - (-18 - -20)) + (22 - 0)
17
-16 + 17 + 1 + 7
9
What is the value of -11 - -13 - -19 - 35?
-14
Evaluate -11 - -3 - 3 - 0.
-11
Evaluate -26 + (17 - 21) + 28.
-2
195 - 179 - (17 + 0)
-1
Evaluate 6 - 22 - (-2 - 0) - -37.
23
Evaluate -16 + (45 - 25 - 28).
-24
Calculate -46 - ((-61 - 19) + 46).
-12
What is the value of 9 + (-9 - 10) + 5?
-5
What is the value of -4 + (7 - 2) + -35 + 25?
-9
Calculate -2 + -4 + -6 + -4 + 9.
-7
4 - -23 - -2 - 25
4
What is the value of 2 - (-1 + (-2 - -2) + (-1 - 6))?
10
1 - ((99 - 101) + (-2 - 0) + 3)
2
Evaluate 23 - (13 + -18 + 21 - 20).
27
-58 - -34 - (-1 + -32)
9
What is the value of -4 + (2 - (15 + -10)) - -3?
-4
What is the value of -11 + (4 + -7 - -5) - (2 - -2)?
-13
What is (4 + 1 - 0) + -11?
-6
-1 - -16 - (-278 - -295)
-2
What is -17 + 27 + (-8 - 0)?
2
What is (-21 - 9) + 10 + 15?
-5
-4 + 3 + 9 + 4
12
20 + -5 - 38 - -25
2
What is the value of 1 - 0 - (-9 - -2) - (-66 - -90)?
-16
What is the value of 28 - 27 - ((-3 - 3) + -7 + -2)?
16
What is 12 + -3 + -9 + (16 + -8 - 23)?
-15
-17 + (-25 - -3) + 48
9
Calculate 20 + 51 + -44 + (0 - 7) + 0.
20
What is -19 + -22 + 1 + 30?
-10
Calculate 3 + (-2 - 0) + (13 - 15) - 4.
-5
What is -6 + (-2 - (-10 + (1 - -5) - -3))?
-7
What is (-1 - -6) + (4 - 3) + 7?
13
What is the value of -13 - -14 - 6 - -3?
-2
What is the value of ((-11 - -3) + 1 - 2) + (-5 - -4)?
-10
0 - (8 + 1 + -1 - (66 - 60))
-2
What is the value of (0 - 0) + -2 + 37 + (-16 - 25)?
-6
What is 21 - (19 + -8 - 3)?
13
Evaluate (2 + 0 - -30) + 8 + 65 + -81.
24
What is the value of -17 + (-182 - -165 - (-2 + -10))?
-22
What is 14 + -1 - (44 - (15 - -21))?
5
Calculate -1 + 0 - (-20 + 47 - 25).
-3
Evaluate (18 - (20 - -5)) + 21 + 9.
23
-8 + -10 + (18 - 8 - -10)
2
What is the value of (0 - 0) + -14 - (80 + -73 + 1)?
-22
(4 - 2) + -18 + 15
-1
Calculate 1 + 18 + 3 - (-15 + 26 + -3).
14
Calculate 0 + 6 + (34 - 38).
2
What is the value of 16 - 52 - -20 - -29?
13
Evaluate 42 - 41 - ((-2 - 9) + 2).
10
What is the value of (-3 - -15 - 33) + 1?
-20
Evaluate (-13 - -22) + -14 + 9.
4
12 - 1 - (-15 + 27)
-1
Evaluate 35 + -24 + (-2 - 20) - (1 - -1).
-13
What is (13 - 5 - 10) + 0?
-2
What is the value of -6 - ((1 - 0 - (5 + -10)) + -1)?
-11
Evaluate 14 + 4 + (-3 - 4).
11
21 - 15 - (-2 - ((0 - 3) + -16))
-11
Evaluate -18 + -25 - (-10 - 29).
-4
Calculate (-119 - -117) + (-1 - -8) - (4 - -1).
0
107 + -100 + 10 + -2 + 1
16
Calculate (-10 - -1) + 21 - 22.
-10
What is 9 + -4 + 0 + 58 + -50?
13
What is -19 + 3 - ((8 - 2 - -2) + -7)?
-17
What is (-2 - (18 + (-16 - -5)) - -18) + -10?
-1
Calculate (-5 - -31) + (-20 - -4).
10
Evaluate -5 + (-11 - 5) - -11.
-10
What is 5 + (1 - -2) - (-1 + -5)?
14
What is the value of 2 - (-12 + 11 + 12)?
-9
Evaluate (35 - 31) + (-2 - 10) + 3.
-5
-23 - (20 - 17 - 24)
-2
What is the value of -232 + 241 + 1 + -2 + -15?
-7
Calculate -40 + (25 - 16) + 17.
-14
Evaluate -24 + (7 - (-10 + -31)).
24
What is 43 + (5 - 71 - -44)?
21
What is -95 + 83 - (-13 - -3)?
-2
What is the value of 4 - (-1 + -14 + 3)?
16
-10 - (9 + -36 + 8)
9
What is 4 + (10 - 2) + -18?
-6
Calculate (12 - 9) + -10 + 0 + (-15 - -22).
0
Calculate 100 + -92 - (-1 - -11) - (2 + -5).
1
What is the value of ((4 - -3) + (-11 - -3) - -4) + 7?
10
-2 + (-4 - 3 - (-5 - 4))
0
Evaluate -116 - -85 - (6 - 19).
-18
Evaluate (-21 - -33) + (-45 - -3).
-30
Evaluate (4 - 8) + (-4 - -22 - 3).
11
Evaluate -9 + 13 + (12 - 19).
-3
-37 + 16 + (37 - 26)
-10
Evaluate 17 - (28 - (21 + -6)) - -5.
9
What is the value of -2 - ((8 - -2) + -7 + -4)?
-1
Calculate -39 - (-1 + -38 + 23).
-23
Calculate 14 + (12 - (-1 - -14)) + -17.
-4
Evaluate -6 - 1 - (95 - 116 - (1 - -9)).
24
-3 + (22 - ((-2 - 3) + 10))
14
Evaluate 18 + (-4 - (6 + 5)) + (-1 - 19).
-17
-5 + -1 + (6 - -13) + -14 - -12
11
Evaluate -16 + 12 + -4 + 15.
7
Calculate -14 + 0 - ((37 - 22) + -28 + 18).
-19
Evaluate (-49 - -53) + (18 - 6).
16
Evaluate 1